{"id":13960,"date":"2024-05-08T15:13:03","date_gmt":"2024-05-08T15:13:03","guid":{"rendered":"https:\/\/morarmais.com.br\/mms\/?page_id=13960"},"modified":"2024-05-08T15:26:32","modified_gmt":"2024-05-08T15:26:32","slug":"catalogo-ambientes-sp-2019","status":"publish","type":"page","link":"https:\/\/morarmais.com.br\/mms\/catalogo-ambientes-sp-2019\/","title":{"rendered":"Cat\u00e1logo Ambientes SP 2019"},"content":{"rendered":"<div class=\" wp-block-columns alignwide eplus-wrapper is-layout-flex wp-container-core-columns-is-layout-1 wp-block-columns-is-layout-flex eplus-styles-uid-2d1274\">\n<div class=\" wp-block-column eplus-wrapper is-layout-flow wp-block-column-is-layout-flow\" style=\"flex-basis:100%\">\n<h2 class=\" wp-block-heading alignfull has-background has-x-large-font-size eplus-wrapper\" style=\"background-color:#f7f7f7;padding-top:10px;padding-right:var(--wp--preset--spacing--30);padding-bottom:10px;padding-left:15px\">60 &#8211; JARDIM DA PISCINA<\/h2>\n<\/div>\n<\/div>\n\n<div class=\" wp-block-columns alignwide eplus-wrapper is-layout-flex wp-container-core-columns-is-layout-3 wp-block-columns-is-layout-flex eplus-styles-uid-27a62d\">\n<div class=\" wp-block-column eplus-wrapper is-layout-flow wp-block-column-is-layout-flow\" style=\"flex-basis:50%\"><div class=\" wp-block-columns eplus-wrapper is-layout-flex wp-container-core-columns-is-layout-2 wp-block-columns-is-layout-flex eplus-styles-uid-b5df65\">\n<div class=\" wp-block-column eplus-wrapper is-layout-flow wp-block-column-is-layout-flow\" style=\"flex-basis:100%\">\n<p class=\" eplus-wrapper\"><span style=\"display:block; background-color:#f0f8ff; padding:8%; border-radius: 10px; box-shadow: 0 1px 2px rgba(0,0,0,.1), 0 2px 8px rgba(0,0,0,.05);\">Marcelo Faisal<br \/>(11) 99978-3002 <br \/>projeto@marcelofaisal.com.br<br \/><a href=\"https:\/\/www.instagram.com\/\" marcelofaisalpaisagismo=\"\">@marcelofaisalpaisagismo<\/a><\/span><\/p>\n<\/div>\n<\/div>\n\n\n<p class=\" eplus-wrapper\">Por coincid\u00eancia, o projeto paisag\u00edstico original do espa\u00e7o foi realizado\npelo pr\u00f3prio arquiteto e paisagista nos anos 2000. Com restaura\u00e7\u00e3o e\npreserva\u00e7\u00e3o da arquitetura, foram introduzidas novas esp\u00e9cies junto <\/p><\/div><\/div>&hellip;","protected":false},"excerpt":{"rendered":"<div class=\" wp-block-columns alignwide eplus-wrapper is-layout-flex wp-container-core-columns-is-layout-4 wp-block-columns-is-layout-flex eplus-styles-uid-2d1274\">\n<div class=\" wp-block-column eplus-wrapper is-layout-flow wp-block-column-is-layout-flow\" style=\"flex-basis:100%\">\n<h2 class=\" wp-block-heading alignfull has-background has-x-large-font-size eplus-wrapper\" style=\"background-color:#f7f7f7;padding-top:10px;padding-right:var(--wp--preset--spacing--30);padding-bottom:10px;padding-left:15px\">60 &#8211; JARDIM DA PISCINA<\/h2>\n<\/div>\n<\/div>\n\n<div class=\" wp-block-columns alignwide eplus-wrapper is-layout-flex wp-container-core-columns-is-layout-6 wp-block-columns-is-layout-flex eplus-styles-uid-27a62d\">\n<div class=\" wp-block-column eplus-wrapper is-layout-flow wp-block-column-is-layout-flow\" style=\"flex-basis:50%\"><div class=\" wp-block-columns eplus-wrapper is-layout-flex wp-container-core-columns-is-layout-5 wp-block-columns-is-layout-flex eplus-styles-uid-b5df65\">\n<div class=\" wp-block-column eplus-wrapper is-layout-flow wp-block-column-is-layout-flow\" style=\"flex-basis:100%\">\n<p class=\" eplus-wrapper\"><span style=\"display:block; background-color:#f0f8ff; padding:8%; border-radius: 10px; box-shadow: 0 1px 2px rgba(0,0,0,.1), 0 2px 8px rgba(0,0,0,.05);\">Marcelo Faisal<br \/>(11) 99978-3002 <br \/>projeto@marcelofaisal.com.br<br \/><a href=\"https:\/\/www.instagram.com\/\" marcelofaisalpaisagismo=\"\">@marcelofaisalpaisagismo<\/a><\/span><\/p>\n<\/div>\n<\/div>\n\n\n<p class=\" eplus-wrapper\">Por coincid\u00eancia, o projeto paisag\u00edstico original do espa\u00e7o foi realizado\npelo pr\u00f3prio arquiteto e paisagista nos anos 2000. Com restaura\u00e7\u00e3o e\npreserva\u00e7\u00e3o da arquitetura, foram introduzidas novas esp\u00e9cies junto <\/p><\/div><\/div>&hellip;","protected":false},"author":1,"featured_media":0,"parent":0,"menu_order":0,"comment_status":"closed","ping_status":"closed","template":"","meta":{"_eb_attr":"","editor_plus_copied_stylings":"{}","neve_meta_sidebar":"full-width","neve_meta_container":"","neve_meta_enable_content_width":"on","neve_meta_content_width":100,"neve_meta_title_alignment":"","neve_meta_author_avatar":"","neve_post_elements_order":"","neve_meta_disable_header":"","neve_meta_disable_footer":"","neve_meta_disable_title":"","_themeisle_gutenberg_block_has_review":false,"_vp_format_video_url":"","_vp_image_focal_point":[],"footnotes":""},"class_list":["post-13960","page","type-page","status-publish","hentry"],"yoast_head":"<!-- This site is optimized with the Yoast SEO plugin v25.6 - https:\/\/yoast.com\/wordpress\/plugins\/seo\/ -->\n<title>Cat\u00e1logo Ambientes SP 2019 - Morar mais<\/title>\n<meta name=\"robots\" content=\"index, follow, max-snippet:-1, max-image-preview:large, max-video-preview:-1\" \/>\n<link rel=\"canonical\" href=\"https:\/\/morarmais.com.br\/mms\/catalogo-ambientes-sp-2019\/\" \/>\n<meta property=\"og:locale\" content=\"pt_BR\" \/>\n<meta property=\"og:type\" content=\"article\" \/>\n<meta property=\"og:title\" content=\"Cat\u00e1logo Ambientes SP 2019 - Morar mais\" \/>\n<meta property=\"og:description\" content=\"60 &#8211; JARDIM DA PISCINA    Marcelo Faisal(11) 99978-3002 projeto@marcelofaisal.com.br@marcelofaisalpaisagismo   Por coincid\u00eancia, o projeto paisag\u00edstico original do espa\u00e7o foi realizado pelo pr\u00f3prio arquiteto e paisagista nos anos 2000. Com restaura\u00e7\u00e3o e preserva\u00e7\u00e3o da arquitetura, foram introduzidas novas esp\u00e9cies junto &hellip;\" \/>\n<meta property=\"og:url\" content=\"https:\/\/morarmais.com.br\/mms\/catalogo-ambientes-sp-2019\/\" \/>\n<meta property=\"og:site_name\" content=\"Morar mais\" \/>\n<meta property=\"article:publisher\" content=\"https:\/\/www.facebook.com\/morarmais\" \/>\n<meta property=\"article:modified_time\" content=\"2024-05-08T15:26:32+00:00\" \/>\n<meta name=\"twitter:card\" content=\"summary_large_image\" \/>\n<script type=\"application\/ld+json\" class=\"yoast-schema-graph\">{\"@context\":\"https:\/\/schema.org\",\"@graph\":[{\"@type\":\"WebPage\",\"@id\":\"https:\/\/morarmais.com.br\/mms\/catalogo-ambientes-sp-2019\/\",\"url\":\"https:\/\/morarmais.com.br\/mms\/catalogo-ambientes-sp-2019\/\",\"name\":\"Cat\u00e1logo Ambientes SP 2019 - Morar mais\",\"isPartOf\":{\"@id\":\"https:\/\/morarmais.com.br\/mms\/#website\"},\"datePublished\":\"2024-05-08T15:13:03+00:00\",\"dateModified\":\"2024-05-08T15:26:32+00:00\",\"breadcrumb\":{\"@id\":\"https:\/\/morarmais.com.br\/mms\/catalogo-ambientes-sp-2019\/#breadcrumb\"},\"inLanguage\":\"pt-BR\",\"potentialAction\":[{\"@type\":\"ReadAction\",\"target\":[\"https:\/\/morarmais.com.br\/mms\/catalogo-ambientes-sp-2019\/\"]}]},{\"@type\":\"BreadcrumbList\",\"@id\":\"https:\/\/morarmais.com.br\/mms\/catalogo-ambientes-sp-2019\/#breadcrumb\",\"itemListElement\":[{\"@type\":\"ListItem\",\"position\":1,\"name\":\"In\u00edcio\",\"item\":\"https:\/\/morarmais.com.br\/mms\/\"},{\"@type\":\"ListItem\",\"position\":2,\"name\":\"Cat\u00e1logo Ambientes SP 2019\"}]},{\"@type\":\"WebSite\",\"@id\":\"https:\/\/morarmais.com.br\/mms\/#website\",\"url\":\"https:\/\/morarmais.com.br\/mms\/\",\"name\":\"Morar mais\",\"description\":\"O Chique que cabe no bolso\",\"publisher\":{\"@id\":\"https:\/\/morarmais.com.br\/mms\/#organization\"},\"potentialAction\":[{\"@type\":\"SearchAction\",\"target\":{\"@type\":\"EntryPoint\",\"urlTemplate\":\"https:\/\/morarmais.com.br\/mms\/?s={search_term_string}\"},\"query-input\":{\"@type\":\"PropertyValueSpecification\",\"valueRequired\":true,\"valueName\":\"search_term_string\"}}],\"inLanguage\":\"pt-BR\"},{\"@type\":\"Organization\",\"@id\":\"https:\/\/morarmais.com.br\/mms\/#organization\",\"name\":\"Morar mais\",\"url\":\"https:\/\/morarmais.com.br\/mms\/\",\"logo\":{\"@type\":\"ImageObject\",\"inLanguage\":\"pt-BR\",\"@id\":\"https:\/\/morarmais.com.br\/mms\/#\/schema\/logo\/image\/\",\"url\":\"https:\/\/morarmais.com.br\/mms\/wp-content\/uploads\/2019\/04\/cropped-logo-morar-mais-2-1-e1688661143585.png\",\"contentUrl\":\"https:\/\/morarmais.com.br\/mms\/wp-content\/uploads\/2019\/04\/cropped-logo-morar-mais-2-1-e1688661143585.png\",\"width\":130,\"height\":100,\"caption\":\"Morar mais\"},\"image\":{\"@id\":\"https:\/\/morarmais.com.br\/mms\/#\/schema\/logo\/image\/\"},\"sameAs\":[\"https:\/\/www.facebook.com\/morarmais\",\"https:\/\/www.instagram.com\/morarmaispormenos\",\"https:\/\/br.pinterest.com\/morarmais\/\"]}]}<\/script>\n<!-- \/ Yoast SEO plugin. -->","yoast_head_json":{"title":"Cat\u00e1logo Ambientes SP 2019 - Morar mais","robots":{"index":"index","follow":"follow","max-snippet":"max-snippet:-1","max-image-preview":"max-image-preview:large","max-video-preview":"max-video-preview:-1"},"canonical":"https:\/\/morarmais.com.br\/mms\/catalogo-ambientes-sp-2019\/","og_locale":"pt_BR","og_type":"article","og_title":"Cat\u00e1logo Ambientes SP 2019 - Morar mais","og_description":"60 &#8211; JARDIM DA PISCINA    Marcelo Faisal(11) 99978-3002 projeto@marcelofaisal.com.br@marcelofaisalpaisagismo   Por coincid\u00eancia, o projeto paisag\u00edstico original do espa\u00e7o foi realizado pelo pr\u00f3prio arquiteto e paisagista nos anos 2000. Com restaura\u00e7\u00e3o e preserva\u00e7\u00e3o da arquitetura, foram introduzidas novas esp\u00e9cies junto &hellip;","og_url":"https:\/\/morarmais.com.br\/mms\/catalogo-ambientes-sp-2019\/","og_site_name":"Morar mais","article_publisher":"https:\/\/www.facebook.com\/morarmais","article_modified_time":"2024-05-08T15:26:32+00:00","twitter_card":"summary_large_image","schema":{"@context":"https:\/\/schema.org","@graph":[{"@type":"WebPage","@id":"https:\/\/morarmais.com.br\/mms\/catalogo-ambientes-sp-2019\/","url":"https:\/\/morarmais.com.br\/mms\/catalogo-ambientes-sp-2019\/","name":"Cat\u00e1logo Ambientes SP 2019 - Morar mais","isPartOf":{"@id":"https:\/\/morarmais.com.br\/mms\/#website"},"datePublished":"2024-05-08T15:13:03+00:00","dateModified":"2024-05-08T15:26:32+00:00","breadcrumb":{"@id":"https:\/\/morarmais.com.br\/mms\/catalogo-ambientes-sp-2019\/#breadcrumb"},"inLanguage":"pt-BR","potentialAction":[{"@type":"ReadAction","target":["https:\/\/morarmais.com.br\/mms\/catalogo-ambientes-sp-2019\/"]}]},{"@type":"BreadcrumbList","@id":"https:\/\/morarmais.com.br\/mms\/catalogo-ambientes-sp-2019\/#breadcrumb","itemListElement":[{"@type":"ListItem","position":1,"name":"In\u00edcio","item":"https:\/\/morarmais.com.br\/mms\/"},{"@type":"ListItem","position":2,"name":"Cat\u00e1logo Ambientes SP 2019"}]},{"@type":"WebSite","@id":"https:\/\/morarmais.com.br\/mms\/#website","url":"https:\/\/morarmais.com.br\/mms\/","name":"Morar mais","description":"O Chique que cabe no bolso","publisher":{"@id":"https:\/\/morarmais.com.br\/mms\/#organization"},"potentialAction":[{"@type":"SearchAction","target":{"@type":"EntryPoint","urlTemplate":"https:\/\/morarmais.com.br\/mms\/?s={search_term_string}"},"query-input":{"@type":"PropertyValueSpecification","valueRequired":true,"valueName":"search_term_string"}}],"inLanguage":"pt-BR"},{"@type":"Organization","@id":"https:\/\/morarmais.com.br\/mms\/#organization","name":"Morar mais","url":"https:\/\/morarmais.com.br\/mms\/","logo":{"@type":"ImageObject","inLanguage":"pt-BR","@id":"https:\/\/morarmais.com.br\/mms\/#\/schema\/logo\/image\/","url":"https:\/\/morarmais.com.br\/mms\/wp-content\/uploads\/2019\/04\/cropped-logo-morar-mais-2-1-e1688661143585.png","contentUrl":"https:\/\/morarmais.com.br\/mms\/wp-content\/uploads\/2019\/04\/cropped-logo-morar-mais-2-1-e1688661143585.png","width":130,"height":100,"caption":"Morar mais"},"image":{"@id":"https:\/\/morarmais.com.br\/mms\/#\/schema\/logo\/image\/"},"sameAs":["https:\/\/www.facebook.com\/morarmais","https:\/\/www.instagram.com\/morarmaispormenos","https:\/\/br.pinterest.com\/morarmais\/"]}]}},"_links":{"self":[{"href":"https:\/\/morarmais.com.br\/mms\/wp-json\/wp\/v2\/pages\/13960"}],"collection":[{"href":"https:\/\/morarmais.com.br\/mms\/wp-json\/wp\/v2\/pages"}],"about":[{"href":"https:\/\/morarmais.com.br\/mms\/wp-json\/wp\/v2\/types\/page"}],"author":[{"embeddable":true,"href":"https:\/\/morarmais.com.br\/mms\/wp-json\/wp\/v2\/users\/1"}],"replies":[{"embeddable":true,"href":"https:\/\/morarmais.com.br\/mms\/wp-json\/wp\/v2\/comments?post=13960"}],"version-history":[{"count":0,"href":"https:\/\/morarmais.com.br\/mms\/wp-json\/wp\/v2\/pages\/13960\/revisions"}],"wp:attachment":[{"href":"https:\/\/morarmais.com.br\/mms\/wp-json\/wp\/v2\/media?parent=13960"}],"curies":[{"name":"wp","href":"https:\/\/api.w.org\/{rel}","templated":true}]}}

Catálogo Ambientes SP 2019

<div class=" wp-block-columns alignwide eplus-wrapper is-layout-flex wp-container-core-columns-is-layout-1 wp-block-columns-is-layout-flex eplus-styles-uid-2d1274">
<div class=" wp-block-column eplus-wrapper is-layout-flow wp-block-column-is-layout-flow" style="flex-basis:100%">
<h2 class=" wp-block-heading alignfull has-background has-x-large-font-size eplus-wrapper" style="background-color:#f7f7f7;padding-top:10px;padding-right:var(--wp--preset--spacing--30);padding-bottom:10px;padding-left:15px">60 &#8211; JARDIM DA PISCINA</h2>
</div>
</div>

<div class=" wp-block-columns alignwide eplus-wrapper is-layout-flex wp-container-core-columns-is-layout-3 wp-block-columns-is-layout-flex eplus-styles-uid-27a62d">
<div class=" wp-block-column eplus-wrapper is-layout-flow wp-block-column-is-layout-flow" style="flex-basis:50%"><div class=" wp-block-columns eplus-wrapper is-layout-flex wp-container-core-columns-is-layout-2 wp-block-columns-is-layout-flex eplus-styles-uid-b5df65">
<div class=" wp-block-column eplus-wrapper is-layout-flow wp-block-column-is-layout-flow" style="flex-basis:100%">
<p class=" eplus-wrapper"><span style="display:block; background-color:#f0f8ff; padding:8%; border-radius: 10px; box-shadow: 0 1px 2px rgba(0,0,0,.1), 0 2px 8px rgba(0,0,0,.05);">Marcelo Faisal<br />(11) 99978-3002 <br />projeto@marcelofaisal.com.br<br /><a href="https://www.instagram.com/" marcelofaisalpaisagismo="">@marcelofaisalpaisagismo</a></span></p>
</div>
</div>


<p class=" eplus-wrapper">Por coincidência, o projeto paisagístico original do espaço foi realizado
pelo próprio arquiteto e paisagista nos anos 2000. Com restauração e
preservação da arquitetura, foram introduzidas novas espécies junto </p></div></div>&hellip;

<div class=" wp-block-columns alignwide eplus-wrapper is-layout-flex wp-container-core-columns-is-layout-4 wp-block-columns-is-layout-flex eplus-styles-uid-2d1274">
<div class=" wp-block-column eplus-wrapper is-layout-flow wp-block-column-is-layout-flow" style="flex-basis:100%">
<h2 class=" wp-block-heading alignfull has-background has-x-large-font-size eplus-wrapper" style="background-color:#f7f7f7;padding-top:10px;padding-right:var(--wp--preset--spacing--30);padding-bottom:10px;padding-left:15px">60 &#8211; JARDIM DA PISCINA</h2>
</div>
</div>

<div class=" wp-block-columns alignwide eplus-wrapper is-layout-flex wp-container-core-columns-is-layout-6 wp-block-columns-is-layout-flex eplus-styles-uid-27a62d">
<div class=" wp-block-column eplus-wrapper is-layout-flow wp-block-column-is-layout-flow" style="flex-basis:50%"><div class=" wp-block-columns eplus-wrapper is-layout-flex wp-container-core-columns-is-layout-5 wp-block-columns-is-layout-flex eplus-styles-uid-b5df65">
<div class=" wp-block-column eplus-wrapper is-layout-flow wp-block-column-is-layout-flow" style="flex-basis:100%">
<p class=" eplus-wrapper"><span style="display:block; background-color:#f0f8ff; padding:8%; border-radius: 10px; box-shadow: 0 1px 2px rgba(0,0,0,.1), 0 2px 8px rgba(0,0,0,.05);">Marcelo Faisal<br />(11) 99978-3002 <br />projeto@marcelofaisal.com.br<br /><a href="https://www.instagram.com/" marcelofaisalpaisagismo="">@marcelofaisalpaisagismo</a></span></p>
</div>
</div>


<p class=" eplus-wrapper">Por coincidência, o projeto paisagístico original do espaço foi realizado
pelo próprio arquiteto e paisagista nos anos 2000. Com restauração e
preservação da arquitetura, foram introduzidas novas espécies junto </p></div></div>&hellip;

<!-- This site is optimized with the Yoast SEO plugin v25.6 - https://yoast.com/wordpress/plugins/seo/ -->
<title>Catálogo Ambientes SP 2019 - Morar mais</title>
<meta name="robots" content="index, follow, max-snippet:-1, max-image-preview:large, max-video-preview:-1" />
<link rel="canonical" href="https://morarmais.com.br/mms/catalogo-ambientes-sp-2019/" />
<meta property="og:locale" content="pt_BR" />
<meta property="og:type" content="article" />
<meta property="og:title" content="Catálogo Ambientes SP 2019 - Morar mais" />
<meta property="og:description" content="60 &#8211; JARDIM DA PISCINA    Marcelo Faisal(11) 99978-3002 projeto@marcelofaisal.com.br@marcelofaisalpaisagismo   Por coincidência, o projeto paisagístico original do espaço foi realizado pelo próprio arquiteto e paisagista nos anos 2000. Com restauração e preservação da arquitetura, foram introduzidas novas espécies junto &hellip;" />
<meta property="og:url" content="https://morarmais.com.br/mms/catalogo-ambientes-sp-2019/" />
<meta property="og:site_name" content="Morar mais" />
<meta property="article:publisher" content="https://www.facebook.com/morarmais" />
<meta property="article:modified_time" content="2024-05-08T15:26:32+00:00" />
<meta name="twitter:card" content="summary_large_image" />
<script type="application/ld+json" class="yoast-schema-graph">{"@context":"https://schema.org","@graph":[{"@type":"WebPage","@id":"https://morarmais.com.br/mms/catalogo-ambientes-sp-2019/","url":"https://morarmais.com.br/mms/catalogo-ambientes-sp-2019/","name":"Catálogo Ambientes SP 2019 - Morar mais","isPartOf":{"@id":"https://morarmais.com.br/mms/#website"},"datePublished":"2024-05-08T15:13:03+00:00","dateModified":"2024-05-08T15:26:32+00:00","breadcrumb":{"@id":"https://morarmais.com.br/mms/catalogo-ambientes-sp-2019/#breadcrumb"},"inLanguage":"pt-BR","potentialAction":[{"@type":"ReadAction","target":["https://morarmais.com.br/mms/catalogo-ambientes-sp-2019/"]}]},{"@type":"BreadcrumbList","@id":"https://morarmais.com.br/mms/catalogo-ambientes-sp-2019/#breadcrumb","itemListElement":[{"@type":"ListItem","position":1,"name":"Início","item":"https://morarmais.com.br/mms/"},{"@type":"ListItem","position":2,"name":"Catálogo Ambientes SP 2019"}]},{"@type":"WebSite","@id":"https://morarmais.com.br/mms/#website","url":"https://morarmais.com.br/mms/","name":"Morar mais","description":"O Chique que cabe no bolso","publisher":{"@id":"https://morarmais.com.br/mms/#organization"},"potentialAction":[{"@type":"SearchAction","target":{"@type":"EntryPoint","urlTemplate":"https://morarmais.com.br/mms/?s={search_term_string}"},"query-input":{"@type":"PropertyValueSpecification","valueRequired":true,"valueName":"search_term_string"}}],"inLanguage":"pt-BR"},{"@type":"Organization","@id":"https://morarmais.com.br/mms/#organization","name":"Morar mais","url":"https://morarmais.com.br/mms/","logo":{"@type":"ImageObject","inLanguage":"pt-BR","@id":"https://morarmais.com.br/mms/#/schema/logo/image/","url":"https://morarmais.com.br/mms/wp-content/uploads/2019/04/cropped-logo-morar-mais-2-1-e1688661143585.png","contentUrl":"https://morarmais.com.br/mms/wp-content/uploads/2019/04/cropped-logo-morar-mais-2-1-e1688661143585.png","width":130,"height":100,"caption":"Morar mais"},"image":{"@id":"https://morarmais.com.br/mms/#/schema/logo/image/"},"sameAs":["https://www.facebook.com/morarmais","https://www.instagram.com/morarmaispormenos","https://br.pinterest.com/morarmais/"]}]}</script>
<!-- / Yoast SEO plugin. -->

Catálogo Ambientes SP 2019 - Morar mais

60 &#8211; JARDIM DA PISCINA    Marcelo Faisal(11) 99978-3002 projeto@marcelofaisal.com.br@marcelofaisalpaisagismo   Por coincidência, o projeto paisagístico original do espaço foi realizado pelo próprio arquiteto e paisagista nos anos 2000. Com restauração e preservação da arquitetura, foram introduzidas novas espécies junto &hellip;

Início
